f 13780 and 1376050?
130
Calculate the highest common factor of 7979480 and 12120.
40
What is the greatest common divisor of 9962 and 2615484?
34
What is the highest common divisor of 182 and 38521574?
182
What is the highest common factor of 3365 and 7960?
5
What is the greatest common factor of 46365 and 2818430?
1405
What is the highest common factor of 44327902 and 545?
109
What is the highest common factor of 2282 and 119204834?
2282
Calculate the highest common factor of 263786 and 50.
2
What is the highest common factor of 2464 and 395677744?
1232
Calculate the highest common divisor of 1404476 and 1810916.
4516
What is the highest common factor of 873 and 107127?
9
What is the greatest common factor of 5328 and 25936?
16
What is the greatest common factor of 9783 and 122799477?
3261
What is the highest common factor of 6804 and 4929876?
756
What is the highest common divisor of 560050 and 22175?
25
What is the greatest common factor of 474269 and 1147?
31
Calculate the highest common factor of 299 and 20393893.
299
Calculate the greatest common divisor of 3819022 and 37568.
1174
What is the highest common factor of 27554 and 50048?
46
Calculate the greatest common divisor of 6508740 and 2835.
105
Calculate the greatest common divisor of 26769 and 121.
1
What is the highest common divisor of 21 and 42715218?
21
Calculate the greatest common divisor of 17610 and 328511028.
3522
Calculate the highest common factor of 4384974 and 1363.
29
What is the highest common divisor of 864 and 14616018?
54
Calculate the greatest common divisor of 287115 and 39495.
15
Calculate the highest common divisor of 16 and 650357416.
8
Calculate the highest common factor of 122433 and 925417.
1103
What is the highest common factor of 28122 and 99406583?
4687
Calculate the greatest common factor of 10664976 and 2776.
8
Calculate the highest common factor of 91660 and 20.
20
What is the highest common factor of 4584025 and 1300?
25
Calculate the highest common factor of 17030464 and 832.
64
Calculate the greatest common divisor of 16592 and 4197504.
272
What is the greatest common factor of 41202500 and 425?
25
What is the greatest common divisor of 1468 and 753434852?
1468
What is the greatest common divisor of 27085754 and 2356?
1178
Calculate the highest common factor of 6816964 and 2772.
308
What is the greatest common factor of 6314 and 109112234?
6314
Calculate the highest common divisor of 13409 and 1931479.
583
Calculate the greatest common factor of 983560 and 471962.
734
Calculate the greatest common divisor of 39888 and 1508400.
144
What is the greatest common divisor of 6397044 and 24?
12
Calculate the highest common factor of 21804 and 93876.
12
What is the greatest common divisor of 295 and 104896513?
59
What is the highest common divisor of 712 and 2971799?
89
What is the highest common divisor of 1503958 and 6802?
358
Calculate the highest common factor of 12978 and 7952630.
1442
Calculate the greatest common divisor of 671871 and 25290.
843
Calculate the greatest common factor of 1806 and 3293757.
129
What is the highest common factor of 35 and 418703635?
35
What is the highest common divisor of 26 and 729740206?
26
Calculate the highest common divisor of 12047283 and 207.
9
What is the greatest common divisor of 86310 and 13594?
14
Calculate the highest common divisor of 38501681 and 53027.
4079
Calculate the highest common factor of 49 and 14951692.
7
What is the greatest common divisor of 24939 and 57069?
153
What is the greatest common factor of 4016 and 4150285?
251
What is the greatest common divisor of 65621112 and 9?
3
Calculate the greatest common divisor of 82019180 and 620.
620
What is the greatest common factor of 78687 and 136164?
21
Calculate the highest common factor of 22419851 and 310.
31
What is the highest common factor of 239 and 104963?
1
Calculate the highest common divisor of 11844 and 4596383988.
11844
Calculate the greatest common factor of 189095 and 52510.
295
Calculate the greatest common divisor of 55 and 3949924.
11
Calculate the highest common divisor of 608614248 and 132.
132
What is the highest common factor of 1121 and 544901?
19
What is the highest common divisor of 991534 and 328054?
3686
Calculate the highest common factor of 3102045 and 30.
15
Calculate the highest common divisor of 376927148 and 52.
52
What is the greatest common divisor of 86908183 and 3101?
443
Calculate the greatest common divisor of 64096851 and 182.
91
What is the highest common divisor of 2318 and 5738?
38
What is the greatest common divisor of 164 and 69636614?
82
What is the highest common divisor of 71688 and 97904?
232
What is the greatest common divisor of 20 and 411503490?
10
Calculate the greatest common divisor of 144414 and 21967542.
1278
Calculate the highest common factor of 707777560 and 784.
392
What is the greatest common divisor of 1028599 and 429?
143
What is the greatest common divisor of 419099 and 725163?
1739
What is the highest common factor of 3357024 and 44?
44
Calculate the highest common factor of 90 and 112644510.
30
What is the greatest common divisor of 172686581 and 129?
43
Calculate the greatest common factor of 55 and 1316600.
5
Calculate the greatest common factor of 1814542688 and 448.
224
Calculate the highest common factor of 2497 and 128494939.
227
What is the highest common factor of 52730299 and 577?
577
What is the greatest common factor of 299662519 and 1887?
629
What is the greatest common factor of 27448 and 434280?
376
Calculate the highest common factor of 43115019 and 2097.
699
What is the greatest common factor of 5286 and 10056615?
2643
What is the greatest common factor of 6312 and 10281459?
789
What is the highest common factor of 2575654 and 13878?
514
Calculate the highest common divisor of 5688733 and 3053.
71
What is the highest common factor of 12127348 and 1?
1
What is the greatest common divisor of 580 and 95162050?
290
Calculate the greatest common factor of 54 and 3192273.
9
What is the highest common factor of 1287512 and 306?
34
Calculate the greatest common divisor of 129937886 and 364.
26
What is the greatest common divisor of 61 and 244732549?
61
What is the greatest common divisor of 1331 and 2064590?
11
What is the greatest common divisor of 2714 and 10399576?
118
Calculate the highest common factor of 7778848 and 103136.
352
Calculate the highest common divisor of 341584010 and 2075.
415
Calculate the greatest common divisor of 3300543 and 27.
9
Calculate the highest common factor of 215423 and 673790.
949
Calculate the greatest common divisor of 937640 and 1380.
20
Calculate the greatest common factor of 3245867578 and 1202.
1202
What is the greatest common factor of 605088 and 33957?
99
What is the greatest common factor of 5563890 and 7290?
810
What is the highest common divisor of 2703 and 197?
1
What is the greatest common factor of 2662 and 1984020544?
2662
Calculate the highest common divisor of 188 and 1213076.
4
What is the highest common factor of 39116088 and 4040?
808
Calculate the greatest common factor of 16764 and 20785380.
132
What is the greatest common divisor of 9635742 and 72?
18
Calculate the highest common factor of 22520 and 26460.
20
Calculate the greatest common divisor of 5730 and 2295.
15
What is the highest common divisor of 4550205 and 8970?
345
Calculate the highest common factor of 9798 and 865398.
138
Calculate the highest common factor of 368118928 and 9456.
3152
What is the highest common divisor of 788401227 and 2526?
1263
Calculate the greatest common factor of 1687 and 426622.
7
What is the greatest common factor of 1408 and 1923790?
22
What is the greatest common factor of 121785474 and 8346?
642
What is the greatest common divisor of 838464 and 18832?
176
What is the greatest common factor of 8604717 and 164193?
717
What is the greatest common divisor of 7168 and 42191872?
1024
What is the greatest common factor of 42308 and 82922?
14
What is the greatest common divisor of 163762 and 5545778?
4426
What is the greatest common factor of 1003305 and 320487?
951
Calculate the highest common factor of 139008 and 828192.
96
What is the highest common divisor of 8760 and 8683350?
2190
Calculate the highest common divisor of 12435592